{"id":2891,"date":"2022-08-31T21:52:26","date_gmt":"2022-08-31T19:52:26","guid":{"rendered":"https:\/\/fussball.tsv-talheim.de\/?page_id=2891"},"modified":"2022-08-31T22:14:25","modified_gmt":"2022-08-31T20:14:25","slug":"spielberichte-2","status":"publish","type":"page","link":"https:\/\/fussball.tsv-talheim.de\/?page_id=2891","title":{"rendered":"Spielberichte"},"content":{"rendered":"\n\n<ul class=\"wp-block-latest-posts__list wp-block-latest-posts\"><li><div class=\"wp-block-latest-posts__featured-image\"><img loading=\"lazy\" decoding=\"async\" width=\"300\" height=\"188\" src=\"https:\/\/fussball.tsv-talheim.de\/wp-content\/uploads\/2022\/08\/Mannschaftsbild-Saison-2022_2023_final-300x188.jpg\" class=\"attachment-medium size-medium wp-post-image\" alt=\"\" style=\"\" srcset=\"https:\/\/fussball.tsv-talheim.de\/wp-content\/uploads\/2022\/08\/Mannschaftsbild-Saison-2022_2023_final-300x188.jpg 300w, https:\/\/fussball.tsv-talheim.de\/wp-content\/uploads\/2022\/08\/Mannschaftsbild-Saison-2022_2023_final-1024x640.jpg 1024w, https:\/\/fussball.tsv-talheim.de\/wp-content\/uploads\/2022\/08\/Mannschaftsbild-Saison-2022_2023_final-768x480.jpg 768w, https:\/\/fussball.tsv-talheim.de\/wp-content\/uploads\/2022\/08\/Mannschaftsbild-Saison-2022_2023_final-1536x961.jpg 1536w, https:\/\/fussball.tsv-talheim.de\/wp-content\/uploads\/2022\/08\/Mannschaftsbild-Saison-2022_2023_final-2048x1281.jpg 2048w\" sizes=\"auto, (max-width: 300px) 100vw, 300px\" \/><\/div><a class=\"wp-block-latest-posts__post-title\" href=\"https:\/\/fussball.tsv-talheim.de\/?p=2883\">TSV Talheim Abt. Fu\u00dfball: Aktive Herren: Pokalspiel: TSV Talheim : VfL Eberstadt 6:2<\/a><div class=\"wp-block-latest-posts__post-excerpt\">In der zweiten Runde des diesj\u00e4hrigen Bezirkpokals empfingen wir am Donnerstagabend, 18.08. den VfL Eberstadt. Die G\u00e4ste hatten ihre Erstrundenpartie gegen den SC Amorbach mit 2:1 gewonnen. Wir hatten ein Freilos und waren somit spielfrei. Zu Beginn der Partie wirkten wir noch nerv\u00f6s. Eberstadt war die agilere Mannschaft ohne wirklich zwingende Torchancen zu erspielen. Mit<\/div><\/li>\n<li><div class=\"wp-block-latest-posts__featured-image\"><img loading=\"lazy\" decoding=\"async\" width=\"300\" height=\"188\" src=\"https:\/\/fussball.tsv-talheim.de\/wp-content\/uploads\/2022\/08\/Mannschaftsbild-Saison-2022_2023_final-300x188.jpg\" class=\"attachment-medium size-medium wp-post-image\" alt=\"\" style=\"\" srcset=\"https:\/\/fussball.tsv-talheim.de\/wp-content\/uploads\/2022\/08\/Mannschaftsbild-Saison-2022_2023_final-300x188.jpg 300w, https:\/\/fussball.tsv-talheim.de\/wp-content\/uploads\/2022\/08\/Mannschaftsbild-Saison-2022_2023_final-1024x640.jpg 1024w, https:\/\/fussball.tsv-talheim.de\/wp-content\/uploads\/2022\/08\/Mannschaftsbild-Saison-2022_2023_final-768x480.jpg 768w, https:\/\/fussball.tsv-talheim.de\/wp-content\/uploads\/2022\/08\/Mannschaftsbild-Saison-2022_2023_final-1536x961.jpg 1536w, https:\/\/fussball.tsv-talheim.de\/wp-content\/uploads\/2022\/08\/Mannschaftsbild-Saison-2022_2023_final-2048x1281.jpg 2048w\" sizes=\"auto, (max-width: 300px) 100vw, 300px\" \/><\/div><a class=\"wp-block-latest-posts__post-title\" href=\"https:\/\/fussball.tsv-talheim.de\/?p=2866\">TSV Talheim Abt. Fu\u00dfball: Aktive Herren: 2. Spieltag: Sportfreunde Neckarwestheim \u2013  TSV Talheim 3:3: Mit einer \u00fcberragenden Moral zum Punktgewinn<\/a><div class=\"wp-block-latest-posts__post-excerpt\">Was f\u00fcr ein Spiel, was f\u00fcr ein Derby. In Minute 72 erzielt Neckarwestheim den Treffer zum 0:3. Eigentlich war das Spiel zu diesem Zeitpunkt bereits gelaufen, auch wenn wir in der zweiten Halbzeit ein gutes Spiel abgeliefert haben, h\u00e4tte wohl niemand damit gerechnet, dass wir nochmal so zur\u00fcckkommen. Mit einer furiosen Aufholjagd erzielen wir innerhalb<\/div><\/li>\n<li><div class=\"wp-block-latest-posts__featured-image\"><img loading=\"lazy\" decoding=\"async\" width=\"300\" height=\"188\" src=\"https:\/\/fussball.tsv-talheim.de\/wp-content\/uploads\/2022\/08\/Mannschaftsbild-Saison-2022_2023_final-300x188.jpg\" class=\"attachment-medium size-medium wp-post-image\" alt=\"\" style=\"\" srcset=\"https:\/\/fussball.tsv-talheim.de\/wp-content\/uploads\/2022\/08\/Mannschaftsbild-Saison-2022_2023_final-300x188.jpg 300w, https:\/\/fussball.tsv-talheim.de\/wp-content\/uploads\/2022\/08\/Mannschaftsbild-Saison-2022_2023_final-1024x640.jpg 1024w, https:\/\/fussball.tsv-talheim.de\/wp-content\/uploads\/2022\/08\/Mannschaftsbild-Saison-2022_2023_final-768x480.jpg 768w, https:\/\/fussball.tsv-talheim.de\/wp-content\/uploads\/2022\/08\/Mannschaftsbild-Saison-2022_2023_final-1536x961.jpg 1536w, https:\/\/fussball.tsv-talheim.de\/wp-content\/uploads\/2022\/08\/Mannschaftsbild-Saison-2022_2023_final-2048x1281.jpg 2048w\" sizes=\"auto, (max-width: 300px) 100vw, 300px\" \/><\/div><a class=\"wp-block-latest-posts__post-title\" href=\"https:\/\/fussball.tsv-talheim.de\/?p=2864\">TSV Talheim Abt. Fu\u00dfball: Aktive Herren: 1. Spieltag: TSV Talheim \u2013 FC Obersulm 5:2: Gelungener Saisonstart:<\/a><div class=\"wp-block-latest-posts__post-excerpt\">Mit einer guten Leistung starten wir mit einem verdienten Heimsieg in die neue Spielzeit. Nur kurz mussten wir aufgrund zweier unn\u00f6tigen Gegentore zittern. Bei etwas mehr Gl\u00fcck im Abschluss w\u00e4re der Sieg noch deutlicher ausgefallen. Die fr\u00fche F\u00fchrung in der 8. Minute durch Riccardo Madaro spielte uns nat\u00fcrlich in die Karten. Nach einem Ballgewinn durch<\/div><\/li>\n<\/ul>","protected":false},"excerpt":{"rendered":"","protected":false},"author":7,"featured_media":0,"parent":0,"menu_order":0,"comment_status":"closed","ping_status":"closed","template":"","meta":{"footnotes":""},"class_list":["post-2891","page","type-page","status-publish","hentry"],"_links":{"self":[{"href":"https:\/\/fussball.tsv-talheim.de\/index.php?rest_route=\/wp\/v2\/pages\/2891","targetHints":{"allow":["GET"]}}],"collection":[{"href":"https:\/\/fussball.tsv-talheim.de\/index.php?rest_route=\/wp\/v2\/pages"}],"about":[{"href":"https:\/\/fussball.tsv-talheim.de\/index.php?rest_route=\/wp\/v2\/types\/page"}],"author":[{"embeddable":true,"href":"https:\/\/fussball.tsv-talheim.de\/index.php?rest_route=\/wp\/v2\/users\/7"}],"replies":[{"embeddable":true,"href":"https:\/\/fussball.tsv-talheim.de\/index.php?rest_route=%2Fwp%2Fv2%2Fcomments&post=2891"}],"version-history":[{"count":6,"href":"https:\/\/fussball.tsv-talheim.de\/index.php?rest_route=\/wp\/v2\/pages\/2891\/revisions"}],"predecessor-version":[{"id":2907,"href":"https:\/\/fussball.tsv-talheim.de\/index.php?rest_route=\/wp\/v2\/pages\/2891\/revisions\/2907"}],"wp:attachment":[{"href":"https:\/\/fussball.tsv-talheim.de\/index.php?rest_route=%2Fwp%2Fv2%2Fmedia&parent=2891"}],"curies":[{"name":"wp","href":"https:\/\/api.w.org\/{rel}","templated":true}]}}