{"id":1713,"date":"2016-09-03T07:42:03","date_gmt":"2016-09-03T05:42:03","guid":{"rendered":"http:\/\/fussball.tsv-talheim.de\/?page_id=1713"},"modified":"2022-08-31T21:06:02","modified_gmt":"2022-08-31T19:06:02","slug":"home","status":"publish","type":"page","link":"https:\/\/fussball.tsv-talheim.de\/","title":{"rendered":"HOME"},"content":{"rendered":"<p style=\"text-align: center;\"><span style=\"font-family: arial,helvetica,sans-serif;\"><strong>WILLKOMMEN beim TSV Talheim &#8211; Abteilung Fu\u00dfball<\/strong><\/span><\/p>\n<p style=\"text-align: center;\"><img loading=\"lazy\" decoding=\"async\" class=\"aligncenter size-full wp-image-2862\" src=\"https:\/\/fussball.tsv-talheim.de\/wp-content\/uploads\/2022\/08\/Mannschaftsbild-Saison-2022_2023_final-scaled.jpg\" alt=\"\" width=\"2560\" height=\"1601\" srcset=\"https:\/\/fussball.tsv-talheim.de\/wp-content\/uploads\/2022\/08\/Mannschaftsbild-Saison-2022_2023_final-scaled.jpg 2560w, https:\/\/fussball.tsv-talheim.de\/wp-content\/uploads\/2022\/08\/Mannschaftsbild-Saison-2022_2023_final-300x188.jpg 300w, https:\/\/fussball.tsv-talheim.de\/wp-content\/uploads\/2022\/08\/Mannschaftsbild-Saison-2022_2023_final-1024x640.jpg 1024w, https:\/\/fussball.tsv-talheim.de\/wp-content\/uploads\/2022\/08\/Mannschaftsbild-Saison-2022_2023_final-768x480.jpg 768w, https:\/\/fussball.tsv-talheim.de\/wp-content\/uploads\/2022\/08\/Mannschaftsbild-Saison-2022_2023_final-1536x961.jpg 1536w, https:\/\/fussball.tsv-talheim.de\/wp-content\/uploads\/2022\/08\/Mannschaftsbild-Saison-2022_2023_final-2048x1281.jpg 2048w\" sizes=\"auto, (max-width: 2560px) 100vw, 2560px\" \/><\/p>\n<p style=\"text-align: center;\"><span style=\"font-family: arial,helvetica,sans-serif;\">Von den J\u00fcngsten, den <strong>Bambinis<\/strong> angefangen, ist es unser Anspruch m\u00f6glichst viele Jugendmannschaften ins Rennen zu schicken. Erfreulicherweise werden wir in dieser Saison 2022\/2023 wieder eine eigene A-Jugend stellen k\u00f6nnen.<br \/>\n<\/span><\/p>\n<p style=\"text-align: center;\"><span style=\"font-family: arial,helvetica,sans-serif;\">Neben diesen zahlreichen Jugendmannschaften hat der TSV Talheim auch zwei <strong>aktive Herrenmannschaften<\/strong>. Die erste Mannschaft hat sich in den letzten Jahren in der oberen Tabellenregion der Kreisliga A1 etabliert und geh\u00f6rt somit zum Kreis der Aufstiegsfavoriten. So auch in dieser Saison. Unsere zweite Mannschaft geht nun bereits seit einigen Jahren in der Kreisliga B1 an den Start. Sie finden aktuelle Infos auch immer auf unserer Facebookseite sowie auf dem fussball.de Portal.<br \/>\n<\/span><\/p>\n<p style=\"text-align: center;\"><span style=\"font-family: arial,helvetica,sans-serif;\">Im <strong>Damenbereich<\/strong> wurde in dieser Saison eine Spielgemeinschaft mit dem TSV Untereisesheim angemeldet.<br \/>\n<\/span><\/p>\n<p style=\"text-align: center;\"><span style=\"font-family: arial,helvetica,sans-serif;\">Abgerundet wird das sportliche Angebot von unseren <strong>alten Herren<\/strong>, die sich regelm\u00e4\u00dfig f\u00fcrs Training, Freundschaftsspiele und Turniere treffen.<\/span><\/p>\n<p style=\"text-align: center;\"><span style=\"font-family: arial,helvetica,sans-serif;\">Sollten Sie Fragen oder Anregungen rund ums Thema Fu\u00dfball haben, so<strong> kontaktieren Sie uns am besten per Mail<\/strong>. Die Mailadresse sowie die Ansprechpartner finden Sie bei den Kontakten.<\/span><\/p>\n<p style=\"text-align: center;\"><span style=\"font-family: arial,helvetica,sans-serif;\">Viel Spa\u00df beim Lesen der Spielberichte und dem Anschauen unserer Bilder.<\/span><\/p>\n<p style=\"text-align: center;\"><span style=\"font-family: arial,helvetica,sans-serif;\">Ihr TSV Talheim &#8211; Abteilung Fu\u00dfball<br \/>\n<\/span><\/p>\n","protected":false},"excerpt":{"rendered":"<p>WILLKOMMEN beim TSV Talheim &#8211; Abteilung Fu\u00dfball Von den J\u00fcngsten, den Bambinis angefangen, ist es unser Anspruch m\u00f6glichst viele Jugendmannschaften ins Rennen zu schicken. Erfreulicherweise werden wir in dieser Saison 2022\/2023 wieder eine eigene A-Jugend stellen k\u00f6nnen. Neben diesen zahlreichen<\/p>\n","protected":false},"author":1,"featured_media":0,"parent":0,"menu_order":0,"comment_status":"closed","ping_status":"closed","template":"","meta":{"footnotes":""},"class_list":["post-1713","page","type-page","status-publish","hentry"],"_links":{"self":[{"href":"https:\/\/fussball.tsv-talheim.de\/index.php?rest_route=\/wp\/v2\/pages\/1713","targetHints":{"allow":["GET"]}}],"collection":[{"href":"https:\/\/fussball.tsv-talheim.de\/index.php?rest_route=\/wp\/v2\/pages"}],"about":[{"href":"https:\/\/fussball.tsv-talheim.de\/index.php?rest_route=\/wp\/v2\/types\/page"}],"author":[{"embeddable":true,"href":"https:\/\/fussball.tsv-talheim.de\/index.php?rest_route=\/wp\/v2\/users\/1"}],"replies":[{"embeddable":true,"href":"https:\/\/fussball.tsv-talheim.de\/index.php?rest_route=%2Fwp%2Fv2%2Fcomments&post=1713"}],"version-history":[{"count":34,"href":"https:\/\/fussball.tsv-talheim.de\/index.php?rest_route=\/wp\/v2\/pages\/1713\/revisions"}],"predecessor-version":[{"id":2863,"href":"https:\/\/fussball.tsv-talheim.de\/index.php?rest_route=\/wp\/v2\/pages\/1713\/revisions\/2863"}],"wp:attachment":[{"href":"https:\/\/fussball.tsv-talheim.de\/index.php?rest_route=%2Fwp%2Fv2%2Fmedia&parent=1713"}],"curies":[{"name":"wp","href":"https:\/\/api.w.org\/{rel}","templated":true}]}}