{"id":1142,"date":"2015-07-28T22:35:42","date_gmt":"2015-07-28T20:35:42","guid":{"rendered":"http:\/\/fussball.tsv-talheim.de\/?page_id=1142"},"modified":"2020-12-31T18:45:01","modified_gmt":"2020-12-31T17:45:01","slug":"sponsoring","status":"publish","type":"page","link":"https:\/\/fussball.tsv-talheim.de\/?page_id=1142","title":{"rendered":"Sponsoring"},"content":{"rendered":"<p><span style=\"font-family: arial,helvetica,sans-serif;\"><img loading=\"lazy\" decoding=\"async\" class=\"aligncenter size-full wp-image-2330\" src=\"http:\/\/fussball.tsv-talheim.de\/wp-content\/uploads\/2015\/07\/IMG_0883-2.jpg\" alt=\"\" width=\"4032\" height=\"1319\" srcset=\"https:\/\/fussball.tsv-talheim.de\/wp-content\/uploads\/2015\/07\/IMG_0883-2.jpg 4032w, https:\/\/fussball.tsv-talheim.de\/wp-content\/uploads\/2015\/07\/IMG_0883-2-300x98.jpg 300w, https:\/\/fussball.tsv-talheim.de\/wp-content\/uploads\/2015\/07\/IMG_0883-2-768x251.jpg 768w, https:\/\/fussball.tsv-talheim.de\/wp-content\/uploads\/2015\/07\/IMG_0883-2-1024x335.jpg 1024w\" sizes=\"auto, (max-width: 4032px) 100vw, 4032px\" \/><\/span><\/p>\n<p><span style=\"font-family: arial,helvetica,sans-serif;\">Ein herzliches DANKESCH\u00d6N gilt unseren Sponsoren, die uns durch ihren finanziellen Beitrag unterst\u00fctzen. Wir m\u00f6chten Sie bitten, dieses Engagement zuk\u00fcnftig zu ber\u00fccksichtigen!!!<\/span><\/p>\n<p><span style=\"font-family: arial,helvetica,sans-serif;\">Sollten auch Sie an einem Sponsoringengagement interessiert sein, so kommen Sie gerne auf uns zu. \u00dcber die M\u00f6glichkeiten des Sponsorings k\u00f6nnen Sie sich vorab unter folgendem Link informieren<strong>\u00a0\u21d2 <a href=\"https:\/\/fussball.tsv-talheim.de\/wp-content\/uploads\/2015\/07\/Sponsoring-1.pdf\" data-wplink-edit=\"true\">Sponsoring<\/a><\/strong><\/span><\/p>\n<p><span style=\"font-family: arial,helvetica,sans-serif;\">Dar\u00fcber hinaus gibt es selbstverst\u00e4ndlich weitere Optionen, wie Sie die Abteilung Fu\u00dfball unterst\u00fctzen k\u00f6nnen. Gerne erstellen wir Ihnen ein individuelles Angebot nach Ihren Vorstellungen.<\/span><\/p>\n<p><span style=\"font-family: arial,helvetica,sans-serif;\">Ansprechpartner sind Benjamin Binnig und Oliver Kreh.<\/span><\/p>\n<p><span style=\"font-family: arial,helvetica,sans-serif;\"><strong>Unsere Sponsoren<\/strong><\/span><\/p>\n<table style=\"height: 1930px; width: 100%;\" width=\"813\">\n<tbody>\n<tr style=\"height: 196px;\">\n<td style=\"width: 263.667px; height: 196px;\">\u00a0<img loading=\"lazy\" decoding=\"async\" class=\"aligncenter size-full wp-image-2354\" src=\"http:\/\/fussball.tsv-talheim.de\/wp-content\/uploads\/2015\/07\/rumm.jpg\" alt=\"\" width=\"519\" height=\"220\" srcset=\"https:\/\/fussball.tsv-talheim.de\/wp-content\/uploads\/2015\/07\/rumm.jpg 519w, https:\/\/fussball.tsv-talheim.de\/wp-content\/uploads\/2015\/07\/rumm-300x127.jpg 300w\" sizes=\"auto, (max-width: 519px) 100vw, 519px\" \/><\/td>\n<td style=\"width: 263.667px; height: 196px;\"><span style=\"font-family: arial,helvetica,sans-serif;\"><img loading=\"lazy\" decoding=\"async\" class=\"wp-image-2336 aligncenter\" src=\"http:\/\/fussball.tsv-talheim.de\/wp-content\/uploads\/2015\/07\/stoni-e1509188682185.jpg\" alt=\"\" width=\"261\" height=\"74\" srcset=\"https:\/\/fussball.tsv-talheim.de\/wp-content\/uploads\/2015\/07\/stoni-e1509188682185.jpg 542w, https:\/\/fussball.tsv-talheim.de\/wp-content\/uploads\/2015\/07\/stoni-e1509188682185-300x85.jpg 300w\" sizes=\"auto, (max-width: 261px) 100vw, 261px\" \/><\/span><\/td>\n<td style=\"width: 263.667px; height: 196px;\"><span style=\"font-family: arial,helvetica,sans-serif;\"><img loading=\"lazy\" decoding=\"async\" class=\"size-full wp-image-2337 aligncenter\" src=\"http:\/\/fussball.tsv-talheim.de\/wp-content\/uploads\/2015\/07\/hackert.gif\" alt=\"\" width=\"120\" height=\"72\" \/><\/span><\/td>\n<\/tr>\n<tr style=\"height: 34px;\">\n<td style=\"width: 263.667px; text-align: center; height: 34px;\"><span style=\"font-family: arial,helvetica,sans-serif;\"><a href=\"https:\/\/www.metzgerei.org\/talheim-neckar\/metzgerei-rumm-gmbh-1569385.html\">Metzgerei Rumm GmbH\u00a0<\/a>\u00a0\u00a0\u00a0<\/span><\/td>\n<td style=\"width: 263.667px; text-align: center; height: 34px;\"><span style=\"font-family: arial,helvetica,sans-serif;\"> <a href=\"http:\/\/www.stonis-garage.de\/\">Stonis Garage GmbH<\/a> \u00a0\u00a0\u00a0<\/span><\/td>\n<td style=\"width: 263.667px; text-align: center; height: 34px;\"><span style=\"font-family: arial,helvetica,sans-serif;\"><a href=\"http:\/\/www.hackert-shk.de\/\">F. Hackert GmbH &amp; Co. KG<\/a><\/span><\/td>\n<\/tr>\n<tr style=\"height: 141px;\">\n<td style=\"width: 263.667px; height: 141px;\">\u00a0<img loading=\"lazy\" decoding=\"async\" class=\"aligncenter size-full wp-image-2358\" src=\"http:\/\/fussball.tsv-talheim.de\/wp-content\/uploads\/2015\/07\/johner-hoch.jpg\" alt=\"\" width=\"260\" height=\"108\" \/><\/td>\n<td style=\"width: 263.667px; height: 141px;\"><span style=\"font-family: arial,helvetica,sans-serif;\"><img loading=\"lazy\" decoding=\"async\" class=\"size-full wp-image-2338 aligncenter\" src=\"http:\/\/fussball.tsv-talheim.de\/wp-content\/uploads\/2015\/07\/hohn.png\" alt=\"\" width=\"231\" height=\"126\" srcset=\"https:\/\/fussball.tsv-talheim.de\/wp-content\/uploads\/2015\/07\/hohn.png 231w, https:\/\/fussball.tsv-talheim.de\/wp-content\/uploads\/2015\/07\/hohn-230x126.png 230w\" sizes=\"auto, (max-width: 231px) 100vw, 231px\" \/><\/span><\/td>\n<td style=\"width: 263.667px; height: 141px;\">\u00a0<img loading=\"lazy\" decoding=\"async\" class=\"aligncenter size-full wp-image-2356\" src=\"http:\/\/fussball.tsv-talheim.de\/wp-content\/uploads\/2015\/07\/seiffer-steiner.jpg\" alt=\"\" width=\"956\" height=\"196\" srcset=\"https:\/\/fussball.tsv-talheim.de\/wp-content\/uploads\/2015\/07\/seiffer-steiner.jpg 956w, https:\/\/fussball.tsv-talheim.de\/wp-content\/uploads\/2015\/07\/seiffer-steiner-300x62.jpg 300w, https:\/\/fussball.tsv-talheim.de\/wp-content\/uploads\/2015\/07\/seiffer-steiner-768x157.jpg 768w\" sizes=\"auto, (max-width: 956px) 100vw, 956px\" \/><\/td>\n<\/tr>\n<tr style=\"height: 34px;\">\n<td style=\"width: 263.667px; text-align: center; height: 34px;\"><span style=\"font-family: arial,helvetica,sans-serif;\"><a href=\"http:\/\/www.johner-hoch.de\/willkommen.html\">Johner &amp; Hoch GmbH<\/a><\/span><\/td>\n<td style=\"width: 263.667px; text-align: center; height: 34px;\"><span style=\"font-family: arial,helvetica,sans-serif;\"><a href=\"http:\/\/hohnwerbetechnik.com\/\">Hohn GmbH &amp; Co. KG Werbetechnik<\/a><\/span><\/td>\n<td style=\"width: 263.667px; text-align: center; height: 34px;\"><span style=\"font-family: arial,helvetica,sans-serif;\"><a href=\"https:\/\/www.sus-praezisionsteile.de\/\">Seiffer &amp; Steiner Pr\u00e4zisionsteile GmbH<\/a><\/span><\/td>\n<\/tr>\n<tr style=\"height: 204px;\">\n<td style=\"width: 263.667px; height: 204px;\"><span style=\"font-family: arial,helvetica,sans-serif;\"><img loading=\"lazy\" decoding=\"async\" class=\"size-full wp-image-2335 aligncenter\" src=\"http:\/\/fussball.tsv-talheim.de\/wp-content\/uploads\/2015\/07\/selz.png\" alt=\"\" width=\"118\" height=\"102\" \/><\/span><\/td>\n<td style=\"width: 263.667px; height: 204px;\">\u00a0<img loading=\"lazy\" decoding=\"async\" class=\"aligncenter wp-image-2355 size-full\" src=\"http:\/\/fussball.tsv-talheim.de\/wp-content\/uploads\/2015\/07\/saupp-e1509192471707.jpg\" alt=\"\" width=\"501\" height=\"125\" srcset=\"https:\/\/fussball.tsv-talheim.de\/wp-content\/uploads\/2015\/07\/saupp-e1509192471707.jpg 501w, https:\/\/fussball.tsv-talheim.de\/wp-content\/uploads\/2015\/07\/saupp-e1509192471707-300x75.jpg 300w\" sizes=\"auto, (max-width: 501px) 100vw, 501px\" \/><\/td>\n<td style=\"width: 263.667px; height: 204px;\"><span style=\"font-family: arial,helvetica,sans-serif;\"><img loading=\"lazy\" decoding=\"async\" class=\"aligncenter size-full wp-image-2347\" src=\"http:\/\/fussball.tsv-talheim.de\/wp-content\/uploads\/2015\/07\/Kurz-Wagner.jpg\" alt=\"\" width=\"960\" height=\"478\" srcset=\"https:\/\/fussball.tsv-talheim.de\/wp-content\/uploads\/2015\/07\/Kurz-Wagner.jpg 960w, https:\/\/fussball.tsv-talheim.de\/wp-content\/uploads\/2015\/07\/Kurz-Wagner-300x149.jpg 300w, https:\/\/fussball.tsv-talheim.de\/wp-content\/uploads\/2015\/07\/Kurz-Wagner-768x382.jpg 768w\" sizes=\"auto, (max-width: 960px) 100vw, 960px\" \/><\/span><\/td>\n<\/tr>\n<tr style=\"height: 34px;\">\n<td style=\"width: 263.667px; text-align: center; height: 34px;\"><span style=\"font-family: arial,helvetica,sans-serif;\"><a href=\"http:\/\/www.selz.de\/\">Elektro Selz GmbH<\/a><\/span><\/td>\n<td style=\"width: 263.667px; text-align: center; height: 34px;\"><a href=\"https:\/\/www.firmenwissen.de\/az\/firmeneintrag\/74388\/7070352447\/SIMON_SAUPP_ELEKTROTECHNIK.html\"><span style=\"font-family: arial,helvetica,sans-serif;\">eTech Saupp<\/span><\/a><\/td>\n<td style=\"width: 263.667px; text-align: center; height: 34px;\"><span style=\"font-family: arial,helvetica,sans-serif;\"><a href=\"http:\/\/www.kurz-wagner.com\/\">Weingut Kurz-Wagner<\/a><\/span><\/td>\n<\/tr>\n<tr style=\"height: 125px;\">\n<td style=\"width: 263.667px; height: 125px;\"><span style=\"font-family: arial,helvetica,sans-serif;\"><img loading=\"lazy\" decoding=\"async\" class=\"size-full wp-image-2339 aligncenter\" src=\"http:\/\/fussball.tsv-talheim.de\/wp-content\/uploads\/2015\/07\/michalitschke.png\" alt=\"\" width=\"111\" height=\"112\" \/><\/span><\/td>\n<td style=\"width: 263.667px; height: 125px;\"><span style=\"font-family: arial,helvetica,sans-serif;\"><img loading=\"lazy\" decoding=\"async\" class=\"wp-image-2334 aligncenter\" src=\"http:\/\/fussball.tsv-talheim.de\/wp-content\/uploads\/2015\/07\/reinhardt.png\" alt=\"\" width=\"257\" height=\"84\" \/><\/span><\/td>\n<td style=\"width: 263.667px; height: 125px;\"><span style=\"font-family: arial,helvetica,sans-serif;\"><img loading=\"lazy\" decoding=\"async\" class=\"wp-image-2340 aligncenter\" src=\"http:\/\/fussball.tsv-talheim.de\/wp-content\/uploads\/2015\/07\/topsport.jpg\" alt=\"\" width=\"256\" height=\"46\" \/><\/span><\/td>\n<\/tr>\n<tr style=\"height: 34px;\">\n<td style=\"width: 263.667px; text-align: center; height: 34px;\"><span style=\"font-family: arial,helvetica,sans-serif;\"><a href=\"http:\/\/www.maler-michalitschke.de\/\">Malerbetrieb Michalitschke<\/a><\/span><\/td>\n<td style=\"width: 263.667px; text-align: center; height: 34px;\"><span style=\"font-family: arial,helvetica,sans-serif;\"><a href=\"http:\/\/www.automobile-reinhardt.de\/\">Automobile Reinhardt<\/a><\/span><\/td>\n<td style=\"width: 263.667px; text-align: center; height: 34px;\"><span style=\"font-family: arial,helvetica,sans-serif;\"><a href=\"https:\/\/www.topsport-talheim.de\/\">TopSport GmbH<\/a><\/span><\/td>\n<\/tr>\n<tr style=\"height: 209px;\">\n<td style=\"width: 263.667px; height: 209px;\"><span style=\"font-family: arial,helvetica,sans-serif;\"><img loading=\"lazy\" decoding=\"async\" class=\"aligncenter wp-image-2331\" src=\"http:\/\/fussball.tsv-talheim.de\/wp-content\/uploads\/2015\/07\/bad-moderno.jpg\" alt=\"\" width=\"278\" height=\"197\" \/><\/span><\/td>\n<td style=\"width: 263.667px; height: 209px;\"><span style=\"font-family: arial,helvetica,sans-serif;\"><img loading=\"lazy\" decoding=\"async\" class=\"aligncenter wp-image-2332\" src=\"http:\/\/fussball.tsv-talheim.de\/wp-content\/uploads\/2015\/07\/green-door.jpg\" alt=\"\" width=\"185\" height=\"185\" \/><\/span><\/td>\n<td style=\"width: 263.667px; height: 209px;\"><span style=\"font-family: arial,helvetica,sans-serif;\"><img loading=\"lazy\" decoding=\"async\" class=\"wp-image-2333 aligncenter\" src=\"http:\/\/fussball.tsv-talheim.de\/wp-content\/uploads\/2015\/07\/herbsth\u00e4user.png\" alt=\"\" width=\"335\" height=\"93\" srcset=\"https:\/\/fussball.tsv-talheim.de\/wp-content\/uploads\/2015\/07\/herbsth\u00e4user.png 1000w, https:\/\/fussball.tsv-talheim.de\/wp-content\/uploads\/2015\/07\/herbsth\u00e4user-300x83.png 300w, https:\/\/fussball.tsv-talheim.de\/wp-content\/uploads\/2015\/07\/herbsth\u00e4user-768x213.png 768w\" sizes=\"auto, (max-width: 335px) 100vw, 335px\" \/><\/span><\/td>\n<\/tr>\n<tr style=\"height: 34px;\">\n<td style=\"width: 263.667px; text-align: center; height: 34px;\"><span style=\"font-family: arial,helvetica,sans-serif;\"><a href=\"https:\/\/www.facebook.com\/Bar-Moderno-Presutti-Eis-Caf%C3%A9-183202845024284\/\">Bar Moderno Eiscaf\u00e9<\/a><\/span><\/td>\n<td style=\"width: 263.667px; text-align: center; height: 34px;\"><span style=\"font-family: arial,helvetica,sans-serif;\"><a href=\"https:\/\/www.green-door.de\/\">Green Door Heilbronn<\/a><\/span><\/td>\n<td style=\"width: 263.667px; text-align: center; height: 34px;\"><span style=\"font-family: arial,helvetica,sans-serif;\"><a href=\"https:\/\/www.herbsthaeuser.de\/\">Herbsth\u00e4user Brauerei<\/a><\/span><\/td>\n<\/tr>\n<tr style=\"height: 152px;\">\n<td style=\"width: 263.667px; text-align: center; height: 152px;\"><img loading=\"lazy\" decoding=\"async\" class=\"aligncenter size-full wp-image-2357\" src=\"http:\/\/fussball.tsv-talheim.de\/wp-content\/uploads\/2015\/07\/optikhaus.jpg\" alt=\"\" width=\"268\" height=\"69\" \/><\/td>\n<td style=\"width: 263.667px; text-align: center; height: 152px;\"><img loading=\"lazy\" decoding=\"async\" class=\"aligncenter size-full wp-image-2361\" src=\"http:\/\/fussball.tsv-talheim.de\/wp-content\/uploads\/2015\/07\/jacob200x100.jpg\" alt=\"\" width=\"200\" height=\"100\" \/><\/td>\n<td style=\"width: 263.667px; text-align: center; height: 152px;\"><img loading=\"lazy\" decoding=\"async\" class=\"aligncenter wp-image-2346 size-full\" src=\"http:\/\/fussball.tsv-talheim.de\/wp-content\/uploads\/2015\/07\/diakonie-e1509191663928.png\" alt=\"\" width=\"344\" height=\"139\" srcset=\"https:\/\/fussball.tsv-talheim.de\/wp-content\/uploads\/2015\/07\/diakonie-e1509191663928.png 344w, https:\/\/fussball.tsv-talheim.de\/wp-content\/uploads\/2015\/07\/diakonie-e1509191663928-300x121.png 300w\" sizes=\"auto, (max-width: 344px) 100vw, 344px\" \/><\/td>\n<\/tr>\n<tr style=\"height: 34px;\">\n<td style=\"width: 263.667px; text-align: center; height: 34px;\"><a href=\"https:\/\/www.optikhausflein.de\/\"><span style=\"font-family: arial,helvetica,sans-serif;\">D+V Optikhaus GmbH<\/span><\/a><\/td>\n<td style=\"width: 263.667px; text-align: center; height: 34px;\"><a href=\"https:\/\/www.jacob-haustechnik.de\/\"><span style=\"font-family: arial,helvetica,sans-serif;\">Jacob Heizungs- und L\u00fcftungstechnik<\/span><\/a><\/td>\n<td style=\"width: 263.667px; text-align: center; height: 34px;\"><a href=\"https:\/\/www.diakoniestation-flein-talheim.de\/\"><span style=\"font-family: arial,helvetica,sans-serif;\">Diakonie-Sozialstation Flein-Talheim<\/span><\/a><\/td>\n<\/tr>\n<tr style=\"height: 165px;\">\n<td style=\"width: 263.667px; text-align: center; height: 165px;\"><img loading=\"lazy\" decoding=\"async\" class=\"aligncenter size-full wp-image-2845\" src=\"https:\/\/fussball.tsv-talheim.de\/wp-content\/uploads\/2020\/12\/voltino-1.png\" alt=\"\" width=\"360\" height=\"225\" srcset=\"https:\/\/fussball.tsv-talheim.de\/wp-content\/uploads\/2020\/12\/voltino-1.png 360w, https:\/\/fussball.tsv-talheim.de\/wp-content\/uploads\/2020\/12\/voltino-1-300x188.png 300w\" sizes=\"auto, (max-width: 360px) 100vw, 360px\" \/><\/td>\n<td style=\"width: 263.667px; text-align: center; height: 165px;\"><img loading=\"lazy\" decoding=\"async\" class=\"aligncenter size-full wp-image-2841\" src=\"https:\/\/fussball.tsv-talheim.de\/wp-content\/uploads\/2020\/12\/hnvg.png\" alt=\"\" width=\"330\" height=\"152\" srcset=\"https:\/\/fussball.tsv-talheim.de\/wp-content\/uploads\/2020\/12\/hnvg.png 330w, https:\/\/fussball.tsv-talheim.de\/wp-content\/uploads\/2020\/12\/hnvg-300x138.png 300w\" sizes=\"auto, (max-width: 330px) 100vw, 330px\" \/><\/td>\n<td style=\"width: 263.667px; text-align: center; height: 165px;\"><img loading=\"lazy\" decoding=\"async\" class=\"aligncenter size-full wp-image-2352\" src=\"http:\/\/fussball.tsv-talheim.de\/wp-content\/uploads\/2015\/07\/holzhofer.jpg\" alt=\"\" width=\"439\" height=\"164\" srcset=\"https:\/\/fussball.tsv-talheim.de\/wp-content\/uploads\/2015\/07\/holzhofer.jpg 439w, https:\/\/fussball.tsv-talheim.de\/wp-content\/uploads\/2015\/07\/holzhofer-300x112.jpg 300w\" sizes=\"auto, (max-width: 439px) 100vw, 439px\" \/><\/td>\n<\/tr>\n<tr style=\"height: 34px;\">\n<td style=\"width: 263.667px; text-align: center; height: 34px;\"><a href=\"https:\/\/voltino.hn\/\">Voltino<\/a><\/td>\n<td style=\"width: 263.667px; text-align: center; height: 34px;\"><a href=\"https:\/\/www.hnvg.de\/\"><span style=\"font-family: arial,helvetica,sans-serif;\">Heilbronner Versorgungs GmbH<\/span><\/a><\/td>\n<td style=\"width: 263.667px; text-align: center; height: 34px;\"><a href=\"https:\/\/www.gewerbeverein-talheim.de\/fahrzeuge\/23-kfz-holzhofer\"><span style=\"font-family: arial,helvetica,sans-serif;\">Auto-Holzhofer<\/span><\/a><\/td>\n<\/tr>\n<tr style=\"height: 185px;\">\n<td style=\"width: 263.667px; text-align: center; height: 185px;\"><img loading=\"lazy\" decoding=\"async\" class=\"aligncenter size-full wp-image-2362\" src=\"http:\/\/fussball.tsv-talheim.de\/wp-content\/uploads\/2015\/07\/wena.jpg\" alt=\"\" width=\"567\" height=\"254\" srcset=\"https:\/\/fussball.tsv-talheim.de\/wp-content\/uploads\/2015\/07\/wena.jpg 567w, https:\/\/fussball.tsv-talheim.de\/wp-content\/uploads\/2015\/07\/wena-300x134.jpg 300w\" sizes=\"auto, (max-width: 567px) 100vw, 567px\" \/><\/td>\n<td style=\"width: 263.667px; text-align: center; height: 185px;\"><img loading=\"lazy\" decoding=\"async\" class=\"aligncenter size-full wp-image-2349\" src=\"http:\/\/fussball.tsv-talheim.de\/wp-content\/uploads\/2015\/07\/edeka.jpg\" alt=\"\" width=\"616\" height=\"79\" srcset=\"https:\/\/fussball.tsv-talheim.de\/wp-content\/uploads\/2015\/07\/edeka.jpg 616w, https:\/\/fussball.tsv-talheim.de\/wp-content\/uploads\/2015\/07\/edeka-300x38.jpg 300w\" sizes=\"auto, (max-width: 616px) 100vw, 616px\" \/><\/td>\n<td style=\"width: 263.667px; text-align: center; height: 185px;\">\u00a0<img loading=\"lazy\" decoding=\"async\" class=\"aligncenter size-full wp-image-2348\" src=\"http:\/\/fussball.tsv-talheim.de\/wp-content\/uploads\/2015\/07\/bmk.jpg\" alt=\"\" width=\"190\" height=\"101\" \/><\/td>\n<\/tr>\n<tr style=\"height: 34px;\">\n<td style=\"width: 263.667px; text-align: center; height: 34px;\"><a href=\"https:\/\/wenacar.de\/\"><span style=\"font-family: arial,helvetica,sans-serif;\">WENA-CAR Produkt GmbH<\/span><\/a><\/td>\n<td style=\"width: 263.667px; text-align: center; height: 34px;\"><a href=\"https:\/\/www.talheim.de\/de\/Wirtschaft\/Unternehmen-A-Z\/Unternehmen?view=publish&amp;item=company&amp;id=59\"><span style=\"font-family: arial,helvetica,sans-serif;\">Edeka Aktiv Markt Sommer<\/span><\/a><\/td>\n<td style=\"width: 263.667px; text-align: center; height: 34px;\"><a href=\"https:\/\/www.bmk-steinbruchbetriebe.com\/unternehmen.html\"><span style=\"font-family: arial,helvetica,sans-serif;\">bmk Steinbruchbetriebe GmbH &amp; Co. KG<\/span><\/a><\/td>\n<\/tr>\n<tr style=\"height: 247px;\">\n<td style=\"width: 263.667px; text-align: center; height: 247px;\"><img loading=\"lazy\" decoding=\"async\" class=\"aligncenter size-full wp-image-2350\" src=\"http:\/\/fussball.tsv-talheim.de\/wp-content\/uploads\/2015\/07\/fegert.jpg\" alt=\"\" width=\"580\" height=\"350\" srcset=\"https:\/\/fussball.tsv-talheim.de\/wp-content\/uploads\/2015\/07\/fegert.jpg 580w, https:\/\/fussball.tsv-talheim.de\/wp-content\/uploads\/2015\/07\/fegert-300x181.jpg 300w\" sizes=\"auto, (max-width: 580px) 100vw, 580px\" \/><\/td>\n<td style=\"width: 263.667px; text-align: center; height: 247px;\"><img loading=\"lazy\" decoding=\"async\" class=\"aligncenter size-full wp-image-2846\" src=\"https:\/\/fussball.tsv-talheim.de\/wp-content\/uploads\/2020\/12\/ksk-hn.jpg\" alt=\"\" width=\"762\" height=\"327\" srcset=\"https:\/\/fussball.tsv-talheim.de\/wp-content\/uploads\/2020\/12\/ksk-hn.jpg 762w, https:\/\/fussball.tsv-talheim.de\/wp-content\/uploads\/2020\/12\/ksk-hn-300x129.jpg 300w\" sizes=\"auto, (max-width: 762px) 100vw, 762px\" \/><\/td>\n<td style=\"width: 263.667px; text-align: center; height: 247px;\"><img loading=\"lazy\" decoding=\"async\" class=\"aligncenter size-full wp-image-2842\" src=\"https:\/\/fussball.tsv-talheim.de\/wp-content\/uploads\/2020\/12\/hofmeister.png\" alt=\"\" width=\"225\" height=\"225\" srcset=\"https:\/\/fussball.tsv-talheim.de\/wp-content\/uploads\/2020\/12\/hofmeister.png 225w, https:\/\/fussball.tsv-talheim.de\/wp-content\/uploads\/2020\/12\/hofmeister-150x150.png 150w\" sizes=\"auto, (max-width: 225px) 100vw, 225px\" \/><\/td>\n<\/tr>\n<tr style=\"height: 34px;\">\n<td style=\"width: 263.667px; text-align: center; height: 34px;\"><span style=\"font-family: arial,helvetica,sans-serif;\"><a href=\"https:\/\/adresse.dastelefonbuch.de\/Flein\/1-Maler-und-Lackierer-Fegert-Michael-Malergesch%C3%A4ft-Flein-Nordheimer-Str.html\">Malergesch\u00e4ft Michael Fegert<\/a><\/span><\/td>\n<td style=\"width: 263.667px; text-align: center; height: 34px;\"><a href=\"https:\/\/www.sparkasse-heilbronn.de\/de\/home.html?n=true&amp;stref=logo\">Kreissparkasse Heilbronn<\/a><\/td>\n<td style=\"width: 263.667px; text-align: center; height: 34px;\"><a href=\"https:\/\/www.hofmeister.de\/\">M\u00f6bel Hofmeister<\/a><\/td>\n<\/tr>\n<\/tbody>\n<\/table>\n","protected":false},"excerpt":{"rendered":"<p>Ein herzliches DANKESCH\u00d6N gilt unseren Sponsoren, die uns durch ihren finanziellen Beitrag unterst\u00fctzen. Wir m\u00f6chten Sie bitten, dieses Engagement zuk\u00fcnftig zu ber\u00fccksichtigen!!! Sollten auch Sie an einem Sponsoringengagement interessiert sein, so kommen Sie gerne auf uns zu. \u00dcber die M\u00f6glichkeiten<\/p>\n","protected":false},"author":7,"featured_media":0,"parent":0,"menu_order":0,"comment_status":"closed","ping_status":"closed","template":"","meta":{"footnotes":""},"class_list":["post-1142","page","type-page","status-publish","hentry"],"_links":{"self":[{"href":"https:\/\/fussball.tsv-talheim.de\/index.php?rest_route=\/wp\/v2\/pages\/1142","targetHints":{"allow":["GET"]}}],"collection":[{"href":"https:\/\/fussball.tsv-talheim.de\/index.php?rest_route=\/wp\/v2\/pages"}],"about":[{"href":"https:\/\/fussball.tsv-talheim.de\/index.php?rest_route=\/wp\/v2\/types\/page"}],"author":[{"embeddable":true,"href":"https:\/\/fussball.tsv-talheim.de\/index.php?rest_route=\/wp\/v2\/users\/7"}],"replies":[{"embeddable":true,"href":"https:\/\/fussball.tsv-talheim.de\/index.php?rest_route=%2Fwp%2Fv2%2Fcomments&post=1142"}],"version-history":[{"count":12,"href":"https:\/\/fussball.tsv-talheim.de\/index.php?rest_route=\/wp\/v2\/pages\/1142\/revisions"}],"predecessor-version":[{"id":2848,"href":"https:\/\/fussball.tsv-talheim.de\/index.php?rest_route=\/wp\/v2\/pages\/1142\/revisions\/2848"}],"wp:attachment":[{"href":"https:\/\/fussball.tsv-talheim.de\/index.php?rest_route=%2Fwp%2Fv2%2Fmedia&parent=1142"}],"curies":[{"name":"wp","href":"https:\/\/api.w.org\/{rel}","templated":true}]}}